r of 14375 and 115?
115
Calculate the greatest common divisor of 273 and 26.
13
Calculate the highest common divisor of 427 and 610.
61
Calculate the highest common divisor of 4087 and 61.
61
Calculate the greatest common factor of 1214 and 1.
1
What is the greatest common divisor of 210 and 2590?
70
Calculate the greatest common divisor of 815 and 1304.
163
Calculate the greatest common divisor of 64 and 1.
1
Calculate the greatest common factor of 52 and 247.
13
Calculate the greatest common divisor of 655 and 25.
5
Calculate the greatest common factor of 91 and 143.
13
What is the greatest common factor of 185 and 37?
37
What is the highest common factor of 3961 and 34?
17
What is the greatest common divisor of 52 and 299?
13
Calculate the greatest common factor of 77 and 56.
7
Calculate the greatest common factor of 76 and 2.
2
Calculate the greatest common divisor of 1771 and 506.
253
What is the highest common factor of 3168 and 462?
66
Calculate the greatest common factor of 34 and 1343.
17
Calculate the highest common factor of 51 and 51.
51
Calculate the greatest common divisor of 17 and 12325.
17
What is the greatest common factor of 8180 and 120?
20
What is the highest common factor of 1500 and 12?
12
What is the greatest common factor of 260 and 640?
20
What is the highest common factor of 185 and 259?
37
Calculate the greatest common factor of 119 and 77.
7
What is the greatest common divisor of 93 and 3441?
93
What is the greatest common factor of 21 and 12?
3
Calculate the greatest common factor of 791 and 1356.
113
What is the highest common divisor of 96 and 64?
32
Calculate the greatest common divisor of 3306 and 171.
57
What is the highest common divisor of 89 and 6497?
89
What is the highest common factor of 184 and 69?
23
Calculate the greatest common factor of 70 and 12.
2
What is the greatest common divisor of 408 and 9?
3
Calculate the highest common factor of 533 and 13.
13
What is the greatest common factor of 212 and 106?
106
What is the greatest common factor of 13 and 1651?
13
Calculate the highest common divisor of 12250 and 175.
175
What is the highest common factor of 1431 and 54?
27
Calculate the greatest common factor of 102 and 442.
34
Calculate the greatest common divisor of 20 and 90.
10
Calculate the greatest common divisor of 158 and 3555.
79
Calculate the highest common divisor of 104 and 1326.
26
What is the greatest common factor of 885 and 9?
3
What is the greatest common divisor of 754 and 406?
58
What is the greatest common divisor of 118 and 2065?
59
Calculate the greatest common factor of 80 and 70.
10
What is the highest common divisor of 54 and 522?
18
What is the highest common factor of 522 and 232?
58
What is the highest common factor of 135 and 9?
9
Calculate the greatest common divisor of 17 and 15487.
17
What is the highest common divisor of 58 and 290?
58
Calculate the highest common divisor of 116 and 3596.
116
Calculate the greatest common factor of 42 and 264.
6
What is the greatest common divisor of 1561 and 133?
7
What is the highest common factor of 5 and 55?
5
Calculate the highest common divisor of 24390 and 90.
90
What is the highest common divisor of 6303 and 44?
11
Calculate the highest common factor of 44 and 184.
4
Calculate the highest common factor of 84 and 300.
12
What is the highest common factor of 155 and 10?
5
Calculate the highest common divisor of 1592 and 16.
8
Calculate the highest common divisor of 1542 and 12.
6
What is the greatest common divisor of 782 and 1496?
34
Calculate the greatest common divisor of 688 and 43.
43
Calculate the greatest common factor of 8476 and 104.
52
What is the highest common factor of 69 and 1679?
23
Calculate the greatest common factor of 10 and 55010.
10
What is the highest common factor of 17 and 1751?
17
What is the greatest common divisor of 38 and 950?
38
What is the highest common divisor of 138 and 294?
6
Calculate the highest common factor of 24 and 18.
6
Calculate the highest common factor of 36 and 96.
12
Calculate the highest common divisor of 9435 and 2295.
255
Calculate the highest common divisor of 23 and 14.
1
Calculate the highest common divisor of 36 and 228.
12
Calculate the greatest common factor of 6052 and 68.
68
Calculate the highest common divisor of 595 and 1309.
119
What is the greatest common divisor of 14881 and 161?
23
What is the highest common factor of 8 and 124?
4
Calculate the highest common factor of 70 and 25.
5
What is the highest common divisor of 224 and 96?
32
What is the greatest common factor of 2 and 53?
1
Calculate the greatest common factor of 11011 and 91.
91
Calculate the highest common divisor of 238 and 391.
17
Calculate the greatest common factor of 1490 and 20.
10
What is the highest common factor of 8 and 216?
8
Calculate the greatest common factor of 5495 and 49.
7
What is the highest common divisor of 80 and 130?
10
What is the highest common divisor of 255 and 561?
51
What is the highest common divisor of 19 and 2432?
19
Calculate the highest common factor of 15 and 30.
15
Calculate the highest common divisor of 10053 and 27.
9
What is the highest common divisor of 327 and 218?
109
Calculate the highest common divisor of 41 and 2419.
41
What is the greatest common divisor of 20 and 500?
20
Calculate the greatest common divisor of 56 and 1688.
8
What is the highest common divisor of 2247 and 21?
21
What is the highest common factor of 234 and 1053?
117
Calculate the greatest common divisor of 300 and 24.
12
Calculate the greatest common divisor of 407 and 11.
11
Calculate the greatest common divisor of 56 and 7000.
56
Calculate the greatest common divisor of 133 and 77.
7
What is the greatest common divisor of 45 and 189?
9
Calculate the highest common divisor of 2443 and 7.
7
What is the greatest common factor of 1710 and 19?
19
Calculate the highest common factor of 6394 and 46.
46
What is the highest common divisor of 15 and 9?
3
Calculate the highest common divisor of 147 and 9359.
49
Calculate the greatest common factor of 61 and 8357.
61
Calculate the highest common divisor of 12 and 2916.
12
Calculate the highest common factor of 272 and 153.
17
Calculate the highest common divisor of 7733 and 407.
407
Calculate the highest common divisor of 26 and 1742.
26
Calculate the greatest common divisor of 722 and 38.
38
Calculate the greatest common factor of 70 and 830.
10
What is the greatest common divisor of 258 and 301?
43
Calculate the highest common factor of 28 and 1162.
14
Calculate the highest common factor of 168 and 528.
24
What is the greatest common factor of 403 and 208?
13
Calculate the highest common divisor of 220 and 80.
20
Calculate the highest common factor of 8 and 44.
4
What is the highest common divisor of 84 and 8?
4
What is the greatest common divisor of 16 and 128?
16
Calculate the greatest common factor of 280 and 285.
5
Calculate the greatest common divisor of 34 and 544.
34
What is the highest common divisor of 9 and 489?
3
What is the greatest common factor of 1819 and 214?
107
What is the highest common factor of 342 and 72?
18
Calculate the greatest common divisor of 189 and 54.
27
What is the greatest common factor of 558 and 18?
18
Calculate the highest common divisor of 207 and 63.
9
What is the greatest common factor of 204 and 528?
12
Calculate the highest common divisor of 1081 and 23.
23
Calculate the greatest common divisor of 2015 and 155.
155
What is the highest common factor of 192 and 24?
24
Calculate the highest common divisor of 6 and 2274.
6
What is the greatest common divisor of 14 and 115108?
14
Calculate the highest common factor of 50 and 6950.
50
Calculate the highest common factor of 10458 and 42.
42
Calculate the greatest common divisor of 8 and 72.
8
What is the highest common divisor of 424 and 1908?
212
Calculate the greatest common factor of 294 and 42.
42
What is the greatest common divisor of 160 and 2656?
32
What is the highest common divisor of 26117 and 98?
49
Calculate the highest common factor of 120 and 860.
20
Calculate the greatest common factor of 374 and 1802.
34
Calculate the highest common divisor of 470 and 70.
10
Calculate the highest common divisor of 144 and 180.
36
What is the greatest common factor